divisor of 41803 and 35326.
17
Calculate the highest common divisor of 266 and 61353698.
266
What is the greatest common divisor of 7560629 and 414?
23
What is the greatest common factor of 6 and 14409662?
2
What is the highest common factor of 5939318 and 1694?
154
What is the greatest common factor of 661200 and 12400?
400
What is the greatest common divisor of 622297 and 104?
13
What is the highest common factor of 3564797 and 81259?
3533
Calculate the highest common divisor of 8 and 8261510.
2
What is the greatest common divisor of 530376 and 10313919?
9471
What is the greatest common factor of 526 and 299569624?
526
Calculate the highest common factor of 93 and 45476628.
93
What is the greatest common factor of 51 and 28620231?
51
What is the highest common divisor of 118922 and 105342?
194
What is the highest common factor of 780704 and 58528?
992
Calculate the greatest common factor of 28352 and 3008700064.
14176
Calculate the greatest common divisor of 80152 and 10252.
932
Calculate the greatest common divisor of 34 and 1011747452.
34
What is the greatest common divisor of 299060 and 6802?
38
What is the highest common divisor of 9376456 and 3144?
1048
Calculate the greatest common divisor of 2120 and 615853640.
2120
Calculate the highest common factor of 38388067 and 142.
71
Calculate the highest common factor of 132900 and 2775.
75
Calculate the greatest common divisor of 3760594 and 266.
38
Calculate the highest common divisor of 13049705 and 6565.
505
Calculate the highest common divisor of 5769540990 and 30.
30
Calculate the highest common divisor of 125832 and 9849.
147
Calculate the greatest common divisor of 55 and 32053615.
55
What is the highest common divisor of 5740 and 425908?
1148
Calculate the greatest common divisor of 91 and 79466309.
13
What is the highest common divisor of 881188 and 9856?
308
Calculate the highest common factor of 232 and 177227468.
116
Calculate the highest common factor of 483640 and 2354920.
4520
Calculate the highest common divisor of 424731 and 1265059.
4567
What is the highest common factor of 1060 and 16655144?
212
Calculate the greatest common divisor of 51662 and 902.
2
What is the highest common divisor of 61 and 7437120?
61
What is the greatest common factor of 144418976 and 1248?
416
Calculate the greatest common divisor of 239989321 and 93.
31
Calculate the highest common divisor of 168 and 831768.
168
Calculate the highest common factor of 150561362 and 126.
14
What is the highest common divisor of 4680 and 566205?
15
Calculate the highest common divisor of 495183 and 273.
39
Calculate the highest common factor of 228970833 and 15155.
3031
Calculate the highest common factor of 81578443 and 350486.
5653
Calculate the greatest common factor of 13500 and 3703356.
36
Calculate the highest common divisor of 3549 and 9219795.
507
Calculate the greatest common divisor of 40199 and 66673.
61
What is the highest common divisor of 333811 and 7?
1
What is the highest common factor of 10469 and 6425211?
551
What is the greatest common divisor of 830 and 431019?
83
Calculate the highest common divisor of 188 and 9135860.
188
What is the greatest common factor of 72 and 1746324?
36
What is the highest common divisor of 3008 and 3558088?
376
Calculate the greatest common divisor of 1849 and 1789495482.
1849
Calculate the highest common divisor of 2834153 and 19775.
791
Calculate the greatest common factor of 5222124 and 1296.
108
What is the greatest common divisor of 1892 and 2162512?
44
What is the greatest common factor of 13 and 28774304?
13
Calculate the highest common divisor of 493 and 29127579.
17
Calculate the greatest common factor of 222337429 and 295.
59
Calculate the highest common factor of 38327758 and 14.
14
Calculate the greatest common factor of 604507 and 5880738.
5869
Calculate the greatest common factor of 267375 and 60066375.
11625
What is the highest common divisor of 17674294 and 66?
22
Calculate the greatest common factor of 33676 and 216.
4
What is the highest common divisor of 11100 and 1890180?
60
What is the greatest common divisor of 191263918 and 380?
38
What is the greatest common factor of 8893050 and 8080?
1010
Calculate the greatest common divisor of 22057593 and 24.
3
Calculate the highest common divisor of 12710052 and 408.
12
What is the greatest common factor of 374225 and 11225?
25
What is the greatest common factor of 4332 and 104760?
12
What is the highest common divisor of 721310 and 4243?
4243
What is the greatest common factor of 58 and 8080647?
29
Calculate the greatest common divisor of 1874 and 343659742.
1874
What is the greatest common factor of 35188 and 1608462?
926
What is the highest common factor of 32281075 and 1426?
713
Calculate the greatest common factor of 1301250 and 77034.
2082
What is the highest common factor of 12083 and 34001?
281
Calculate the greatest common factor of 28 and 2513926240.
28
Calculate the highest common factor of 13034601 and 325593.
837
What is the highest common factor of 150367980 and 840?
420
Calculate the greatest common divisor of 17 and 24129171.
17
What is the greatest common divisor of 18954 and 34448166?
1458
Calculate the highest common factor of 103825 and 27475.
25
What is the highest common divisor of 61707 and 61506?
201
Calculate the greatest common divisor of 6172330 and 70.
10
What is the highest common divisor of 185681 and 263?
1
Calculate the greatest common divisor of 156 and 5201952.
12
What is the greatest common divisor of 833 and 180573405?
17
What is the greatest common divisor of 127437 and 585972?
1191
What is the greatest common divisor of 85330 and 4580?
10
Calculate the highest common factor of 2716 and 7589568.
28
Calculate the highest common divisor of 11507257 and 453.
151
What is the highest common divisor of 25374337 and 1643?
31
Calculate the highest common divisor of 103622398 and 1023.
341
What is the highest common divisor of 395232 and 53342?
358
What is the greatest common factor of 1013712 and 32144?
784
Calculate the highest common factor of 3261223 and 2422.
1211
Calculate the highest common divisor of 5802212 and 364.
52
Calculate the highest common divisor of 2622 and 3868.
2
What is the greatest common factor of 18 and 317125566?
18
What is the greatest common factor of 109438769 and 11?
11
Calculate the greatest common factor of 137566344 and 744.
744
Calculate the highest common factor of 5944 and 299961731.
743
What is the greatest common divisor of 28776 and 96272?
88
Calculate the highest common factor of 48288339 and 9.
9
Calculate the greatest common factor of 4655 and 398069.
133
Calculate the highest common divisor of 18618 and 40816862.
6206
What is the greatest common divisor of 23787281 and 4298?
2149
What is the highest common divisor of 20819591 and 13?
13
What is the greatest common factor of 13387 and 4893557?
1217
Calculate the greatest common factor of 379834 and 5068.
14
Calculate the highest common factor of 4840 and 6377184.
968
Calculate the greatest common factor of 1495 and 42915815.
115
What is the highest common divisor of 1002 and 6200877?
501
What is the highest common divisor of 2856 and 73388728?
952
What is the greatest common factor of 49569 and 450385?
533
Calculate the greatest common factor of 329737 and 69583.
149
Calculate the greatest common factor of 52687394 and 695.
139
What is the greatest common divisor of 1302116 and 23488?
1468
Calculate the highest common factor of 14058 and 875556.
198
Calculate the greatest common factor of 420556 and 37214732.
8948
What is the highest common divisor of 1976 and 47957520?
1976
Calculate the greatest common divisor of 155 and 105955.
5
What is the greatest common divisor of 78 and 1254582498?
78
Calculate the highest common factor of 9198366 and 78.
6
What is the highest common divisor of 13398996 and 108?
12
What is the greatest common divisor of 3012 and 49013272?
1004
Calculate the greatest common factor of 146795 and 145382.
157
Calculate the greatest common factor of 39 and 447774.
3
What is the greatest common divisor of 99125377 and 299?
299
Calculate the greatest common divisor of 372 and 20762188.
124
Calculate the greatest common factor of 2776 and 859519.
347
Calculate the g